et j be 18/45 - 56/(-10). Determine p(j).
0
Let i(f) = -68*f**3 - 214*f**2 + 41*f + 32. Let o(j) = 33*j**3 + 99*j**2 - 19*j - 15. Let s(p) = 6*i(p) + 13*o(p). Calculate s(-1).
-20
Suppose 0 = 3*t + 6 - 12. Let v(p) = -t*p**2 + 2 + 3*p**2 - 11*p + 2 + 2. Calculate v(7).
-22
Let l(m) = 23*m - 330. Suppose 480*u - 6345 = 57*u. Calculate l(u).
15
Let p(j) be the second derivative of 11*j**3/6 + 27*j**2 + 4*j + 195. What is p(-6)?
-12
Suppose 0 = 169*j - 165*j - 20. Suppose -13*d + 16*d - 5 = 2*y, 2*d - 29 = j*y. Let q(i) = -i - 9. Determine q(y).
-2
Let t(y) = -6*y + 14. Let h(r) = -7*r + 23. Let c(z) = 5*h(z) - 6*t(z). Give c(0).
31
Suppose -10*n = -15*n + 50. Let g(m) = -m + 8*m + 6 + m - 9*m. Determine g(n).
-4
Suppose -3*k - n - 17 = 0, 5*k + 2*n + 12 = -18. Let g be (-80)/(-15)*(-6)/k. Let c(h) = h**3 - 7 - 2 - 9*h - g*h**2 - h**2. Calculate c(10).
1
Suppose 5*u + 93 + 143 = 2*k, u = 3*k - 341. Let b(a) = -1 - 2*a**2 + 56*a + 57*a - k*a. Calculate b(-2).
-9
Let q = -3049 - -3059. Let u(z) = 3*z - 19. Give u(q).
11
Suppose 0 = -9*i + 539 - 305. Let r(x) = 0 + x**2 - 8 - 14 - 1 - 5*x + i. What is r(4)?
-1
Let d(h) = h**2 + 8*h - 2. Suppose -2*x + 31 = 129. Let p = x - -57. Suppose -4*q = -5*q - p. Give d(q).
-2
Let h(a) = 7039*a + 7034*a - 21104*a - a**2 + 7048*a - 59. Give h(13).
-7
Let j(f) = -4*f + 13814*f**2 + 0 + 2 - 13815*f**2. Let v(l) = -6*l**2 + l**2 + 4*l**2 - 4 + 10*l. Let h be v(10). What is j(h)?
2
Let k(z) = -3*z**3 + 19*z**2 - 16*z - 2. Let j(f) = 5*f**3 - 32*f**2 + 29*f + 3. Let h(y) = 4*j(y) + 7*k(y). Determine h(3).
28
Suppose -5*b - 140 = -50. Let i = -15 - b. Let c(k) = 30*k - i + 2 - 25*k. Give c(-1).
-6
Let x(q) = 3*q - 4. Let h(w) = -4*w + 5. Let y(u) = -5*h(u) - 6*x(u). Let j = -433 + 458. Suppose -8*b + 9 = j. What is y(b)?
-5
Let g(s) = -s - 24. Suppose 107*j - 150*j + 258 = 0. What is g(j)?
-30
Let p(x) = -x**2 + x - 2. Let l(h) = -15*h - 25. Let o = -46 - -39. Let m be l(o). Let j = m + -80. Determine p(j).
-2
Let s(k) = k**2 + 4*k + 3. Let y = 281 - 282. Let g be ((-17)/(-2) + -8)/(y/6). Calculate s(g).
0
Let i(o) = -4*o + 5. Let p(y) = 1 - y - 6 + 8. Let n(s) = -i(s) + 5*p(s). Determine n(6).
4
Suppose -3*s + 4*z = -0*s - 28, 0 = -s - 2*z + 16. Suppose -14*x = -11*x - s. Let v(r) = 10*r - 5 - 3*r**2 + 8*r + 2*r**2 - 13*r. What is v(x)?
-1
Let m(b) = 2*b**2 - 2*b - 2. Let q = -271 - -469. Let i = -200 + q. Calculate m(i).
10
Let g(o) be the third derivative of o**4/24 + o**3/6 - 3*o**2 - 11. Let u(j) = -2*j + 6. Let n(h) = 3*g(h) + u(h). What is n(-13)?
-4
Let a be (-1 - 0)/(1/7). Let y(j) be the second derivative of -j**4/12 - j**3 + 3*j**2/2 + 199*j. What is y(a)?
-4
Let a(x) = -3*x**2 - 73*x - 13. Let q(f) = 142*f + 1680. Let r be q(-12). Determine a(r).
11
Let i be 10/(-35) - 1280/28. Let k be (-11)/55 + i/(-5). Let w(o) = o - 7. Calculate w(k).
2
Let s be ((-1)/(-3))/((-7)/84). Let q be (-10)/s + (-28)/(-56). Suppose 2*c + 4 = 0, 5*k + q*c + 15 = -21. Let w(h) = h**2 + 5*h - 2. Determine w(k).
4
Suppose 4*q + 6*d = 2*d + 12, 3*d = -2*q + 11. Let x = -2275 - -2276. Let j be x*(-1 - (q - -3)). Let b(g) = 3*g**2 + g. What is b(j)?
10
Let q(f) = f**2 + 6*f - 7. Suppose a - 3*y = -19, -4*y + 7*y = 5*a + 47. Let x be q(a). Let z(d) = -d**3 - 5. Determine z(x).
-5
Let k(b) be the second derivative of b**4/4 - 4*b**3/3 - b**2/2 + 550*b - 1. Calculate k(4).
15
Let j(c) = 2*c**2 + 1075 - 6*c**2 - c**3 - 537 - 537. Let l(t) = -3*t + t**3 + 2*t + 4*t**3. Let n be l(-1). What is j(n)?
1
Suppose -4*y - 3*g + 9 = -11, 3*g = y + 10. Let s(d) = -2 + d**2 - 19*d - y*d**2 + 8*d + 5*d. What is s(-8)?
-18
Let q be -137 + 130 - -3*20/12. Let f(u) = 3*u**2 + 0*u**2 + 1 - 4 - 2*u. What is f(q)?
13
Let f = 84830 - 84835. Let v(j) be the third derivative of 1/24*j**4 - 1/12*j**5 + 0 + j**2 - 1/2*j**3 - 1/120*j**6 + 0*j. Calculate v(f).
-8
Let g(y) = -y**3 - 21*y**2 - 19*y + 42. Suppose -81*j + 44*j + 180 = -46*j. Determine g(j).
22
Let b(h) = h**3 - 15*h**2 + 15*h - 45. Let d(g) = -12*g**3 + 4*g**2 + 87*g + 85. Let p be d(-1). What is b(p)?
-31
Let n(s) = -2*s**3 + 34*s**2 + 26*s - 4. Let i(c) = c**3 - 18*c**2 - 14*c + 2. Let y(o) = -11*i(o) - 6*n(o). Determine y(6).
-10
Let f(u) = -4 + 17*u**2 + u**3 - 7 - 63*u**2 + 18*u**2 + 16*u + 17*u**2. Determine f(10).
49
Suppose 10472 = -32*z - 2*z. Let b = 298 + z. Let m(r) = -r**3 - 9*r**2 + 9*r - 8. What is m(b)?
2
Let c(p) = -p**2 - 11*p + 17. Let y = -1008 + 703. Let t = -317 - y. What is c(t)?
5
Suppose -x - 13 = 3*c, -3*x + 14 = -x - 2*c. Let l(i) = -i**2 + 2 + 9*i**3 - 6*i**3 - x*i**3. Let p = 14 - 14. Determine l(p).
2
Let w(h) = 2*h + 52. Let j be 2 - 4 - (-33)/(363/(-220)). Calculate w(j).
8
Let r(y) = y**2 + 16*y + 36. Suppose 71*n - 39 = 42*n + 32*n. Determine r(n).
-3
Suppose 4*f + v + 8 = 0, 6 = 4*f - 4*v - 6. Let t(o) = -11*o - 2. Let d(k) = 6*k. Let w(g) = f*t(g) - 3*d(g). Give w(-1).
9
Let a be (-24)/6 - (2 - 1). Let i(x) be the third derivative of x**6/120 + x**5/12 - 7*x**4/24 + x**3/3 - 2995*x**2. Calculate i(a).
37
Let j(u) = -u**3 - 24*u**2 - 23*u + 3. Let x be j(-23). Let y(q) be the first derivative of q**4/4 - 2*q**3/3 - 5*q**2/2 + 3*q + 38. Give y(x).
-3
Let c(i) be the first derivative of i**4/4 + 5*i**3/3 + 3*i**2/2 - 3*i - 1. Let b be (0 - 4)*-1 + (-272 - -265). What is c(b)?
6
Let p(v) = 74*v - 5*v**2 - 25*v - 60*v + 4*v**2 - 6. Give p(-7).
22
Let m(y) be the third derivative of -y**5/60 - 13*y**4/24 - y**3/2 + 9*y**2. Let z = 347 + -359. What is m(z)?
9
Let j(u) = -u**3 + 12*u**2 + 43*u + 11. Let p = 10071 - 10056. Calculate j(p).
-19
Let l(t) = -2*t + 60. Let v be l(27). Let m(x) be the third derivative of -x**5/60 + 7*x**4/24 - 7*x**3/6 - 264*x**2 + 2. What is m(v)?
-1
Let u(r) = r**2 - 6*r + 7. Let t(g) = 89*g + 716. Let k be t(-8). Give u(k).
-1
Let i(x) = 11*x**3 + 23*x**2 + 24*x + 3. Let c(u) = -20*u**3 - 46*u**2 - 48*u - 6. Let p(d) = -6*c(d) - 11*i(d). Give p(24).
3
Let h(k) = k**2 - 16*k + 33. Let i be h(17). Let n = -53 + i. Let u be (-4)/n - 8/6. Let b(g) = -g**3 + g**2 + g - 6. What is b(u)?
-6
Let h = -880 + 918. Let g(r) = -1 + 0 - h*r + 1 + r**2 + 43*r + 2. What is g(-6)?
8
Let a(q) = 369*q - q**3 - 3*q**2 - 368*q - 1 + 2*q**2. Let m = 2414 + -2416. What is a(m)?
1
Suppose 0 = -4*a + 2*h + 12, h - 6*h - 9 = -3*a. Let v(f) be the second derivative of -1/2*f**a + 1/2*f**2 - 1/12*f**4 + 0 - 6*f. What is v(-3)?
1
Suppose -4*o + w + 3*w = -32, 0 = 4*o - 3*w - 27. Suppose 6*l = n + o*l + 9, 4*l = -2*n + 12. Let y(g) = n*g - g - 5 - 4 + 8. What is y(-3)?
2
Let t(v) = -2*v**2 - 2*v + 3. Let z(k) = k**2 + k - 1. Let g(w) = -t(w) - 4*z(w). Suppose -s = -22 + 8. Let i be (-8)/(-16) - s/4. Calculate g(i).
-11
Suppose n = -5, 2*t - 5*n - 609 - 210 = 0. Let h = t - 398. Let j(m) = -10*m - 1. Calculate j(h).
9
Let q(u) = 3*u**3 + 85*u**2 + 30*u + 51. Let r be q(-28). Let y(s) = s**3 + 4*s**2 - 5*s + 8. Determine y(r).
8
Let a(j) = 4*j + 3 + 3*j + j**2 - 5. Suppose 0 = 14*h + 163*h + 1770. Calculate a(h).
28
Let h = -15 - -25. Let s(b) be the first derivative of b**4/4 - 10*b**3/3 + b**2 - 14*b + 127. Calculate s(h).
6
Let j(t) = t**3 + 8*t**2 - 10*t - 4. Let v be j(-9). Suppose v*y = 8 - 28. Let p(s) = -239*s**3 + 120*s**3 - 3*s**2 + 118*s**3 + 4*s + 4. Determine p(y).
4
Let x(v) = 21*v - 13. Let k(t) = 11*t - 16. Let d(l) = -5*k(l) + 3*x(l). What is d(-6)?
-7
Let g(h) be the first derivative of 3*h**2/2 + 49*h + 3067. What is g(-11)?
16
Suppose 5*i + 23 = 68. Suppose -22 = -5*c + n - i, n - 14 = -4*c. Let b(o) = 3*o + 1. Give b(c).
10
Let g(z) = -z**3 - z**2 - z + 4. Let d be g(-2). Let i be (1 - d/4)*(-8)/2. Let t(m) = -m - m - 7*m**2 + i*m**2. Determine t(-2).
0
Let k(m) = m**3 + 11*m**2 - 2*m - 16. Let z(g) = g**2 + 3. Let v(b) = b**2 - 28*b - 165. Let a(w) = v(w) - 2*z(w). Let p be a(-20). Determine k(p).
6
Let l = 376 + -384. Let w be (-38)/l - (-6)/(-8). Let s(q) = -q**3 + 3*q**2 + q + 1. Determine s(w).
-11
Let w(h) = -2*h**2 - 2*h + 7. Suppose 0 = -33*q - 636 - 5898. Let x be q/44 + 9/(-6). What is w(x)?
-53
Let w(p) = -6*p + 24 - 9*p**2 - 17 - 16 - p**3 - 6*p + 9*p. Give w(-9).
18
Let a(t) be the first derivative of -t**4/4 - 4*t**3 - 5*t**2 - 10*t - 260. Determine a(-11).
-21
Let a(l) be the second derivative of 64*l**3/3 + l**2 + 464*l. What is a(